s divided by 62?
11
Calculate the remainder when (-1)/(-6) + ((-8974)/(-12) - -4) is divided by 263.
226
Let q(h) = 3*h**2 - 12*h + 11. Let w be q(-11). Suppose 6*a + 50 = w. Calculate the remainder when a is divided by 16.
12
Calculate the remainder when 886 is divided by (-18)/44*36/(-27) + 16864/341.
36
Let o(v) = -2*v**3 - 25*v**2 + 878*v - 27. What is the remainder when o(-30) is divided by 16?
13
Calculate the remainder when (-3)/7 - 100224/(-1008) is divided by 29.
12
Suppose 39083 - 63239 = -390*s - 6*s. Suppose 4*o = 0, 2*j = -3*j - 5*o + 1195. What is the remainder when j is divided by s?
56
Let n = 1 + 1. Suppose -5*i = -5*h - 187 + 322, -3*i + 117 = 3*h. What is the remainder when h is divided by 18 - (-2 + (n - 1))?
14
Suppose 3136 = 2*x + 26*x. Let s = x - -18. Calculate the remainder when s is divided by 68.
62
Let m(n) be the third derivative of n**6/120 - n**5/3 - 19*n**4/12 - 34*n**3/3 - n**2 - 41*n. Calculate the remainder when 191 is divided by m(22).
63
Let s = 413 + -293. Calculate the remainder when 16/s - (-20109)/45 is divided by 14.
13
Let q(d) = 24*d**2 - 968*d + 53. Calculate the remainder when q(42) is divided by 47.
41
Let v(x) be the first derivative of x**4 - 2*x**3/3 + x**2/2 - 6*x - 3. What is the remainder when v(3) is divided by 13?
9
Suppose -5*k = 29*k - 1326. What is the remainder when (-3762)/(-14) - 6/(-21) is divided by k?
35
Let f(v) be the first derivative of v**4/4 - 10*v**3/3 + 5*v**2/2 + 66*v + 32. What is the remainder when f(9) is divided by -3 - (1*-10 - 1)?
6
Suppose -93 = -5*s + s - f, -s + 36 = -4*f. What is the remainder when 21 is divided by (s/4 - 9) + 12?
3
Let m(p) = -2*p**2 + 8*p - 7. Let t(c) = -c + 1. Let n(a) = -m(a) - 5*t(a). Let b(x) = 17*x + 665. What is the remainder when n(5) is divided by b(-38)?
18
Calculate the remainder when (0 - 78/(-5))/((-922)/(-2305)) is divided by 31.
8
What is the remainder when (460/35 - 14)/(940/(-469) - -2) is divided by 89?
23
Suppose 100*u - 98*u - 58 = 0. Let g = -32 + u. Calculate the remainder when 75 is divided by (4/g)/(4 + (-474)/117).
23
Suppose -32*o = -18 - 46. Suppose -o*u - 3*k = 52 - 184, -3*u + 191 = k. Calculate the remainder when u is divided by 33.
30
Let o = -2363 - -2416. Calculate the remainder when 568 is divided by o.
38
Let w(f) = 3 + 8*f**2 + 15*f**2 + 5*f**2 - 9*f**2 - 4*f. Let t(v) = 2*v + 1. What is the remainder when w(2) is divided by t(4)?
8
Suppose 0 = -5622*k + 5611*k + 968 + 2332. What is the remainder when 4198 is divided by k?
298
Let p(b) = -21*b + 618. What is the remainder when 1708 is divided by p(24)?
112
Suppose -3*i - 10 = -2*w, -i + 3 = -5*w - 11. Calculate the remainder when 1 - (-2)/3*(-963)/i is divided by 55.
53
Let g = 67 + -26. Suppose -3*n - 5*s - 11 = 0, 5*s + 16 = -4*n - 2. Let p(k) = k**2 + 6*k + 8. What is the remainder when g is divided by p(n)?
11
Let j(s) be the second derivative of 9/2*s**2 + 1/6*s**4 + 0 - 19*s - 2/3*s**3. What is the remainder when j(6) is divided by 30?
27
Suppose 2*t = -i + 364, -2*i + 3*i + 903 = 5*t. Let l(d) = -2*d**3 + 3*d**3 - d - 6*d + 6*d**2 + 23. What is the remainder when t is divided by l(-7)?
20
Let d(h) = 13*h**2 - 5*h + 5. Let i be d(2). Let w = 69 - i. Suppose 185 = 3*g + 4*k, 4*k - 200 - 48 = -4*g. Calculate the remainder when g is divided by w.
19
Let c(b) be the first derivative of 23*b**2 - 171*b + 5. What is the remainder when 47 is divided by c(4)?
8
Let a = 15 + -12. Suppose -q = 3*y - 32, -a*q + 4*y - 37 = -159. What is the remainder when (-73 + -2)*(0 - 1) is divided by q?
37
Let o = 221 - 1221. Let b = 1237 + o. Calculate the remainder when b is divided by 60.
57
Let x = 758 + -756. What is the remainder when 128 is divided by (-4048)/(-110) - (28/10 - x)?
20
Let v = -731 - -168. Let l = v + 575. What is the remainder when 98 is divided by l?
2
Let a = -86 + -33. Let c = a + 136. Suppose o - 5*d = -15, 0*d + 3*d - 2 = 2*o. Calculate the remainder when c is divided by o.
2
Suppose 0 = -3*c + g - 385, 5*c + g + 123 = 4*c. Let r = c - -184. Calculate the remainder when r is divided by 15.
12
Suppose -2*h = 3*k - 9, -3*k - 28 = -8*k + h. Suppose -21 = -5*u + 2*a, 6 = 3*u - 2*a - k. Let o = 31 + u. Calculate the remainder when o is divided by 8.
4
Let t = -701291 + 701295. Suppose -24 = 4*r - 8*r. Calculate the remainder when 2/(-6) - (-38)/r is divided by t.
2
Suppose 0 = -43*a + 82*a - 624. Let f(c) = -5*c**3 - 6*c**2 - 3*c + 1. Calculate the remainder when f(-4) is divided by a.
13
Let n(j) = 110*j**2 + 482*j - 960. Calculate the remainder when n(2) is divided by 431.
13
Suppose -4*g - 38 = -u, g - 2*g + 58 = 2*u. Let k = -752 + 1141. Suppose -533 + k = -12*b. What is the remainder when u is divided by b?
6
Let y = -38 + 41. Suppose -3*h + 2*p - 3*p = y, 3*p + 1 = -h. What is the remainder when 34 is divided by (144/(-120))/(h/5)?
4
Let w(r) = 6509*r - 97623. What is the remainder when (-298)/6*(-9 + 3) is divided by w(15)?
10
Suppose -5*o + 2*b + 31 = 0, -1064*b - 15 = -3*o - 1061*b. Let t(q) = q**3 + 7*q**2 + 3*q - 2. Calculate the remainder when t(-4) is divided by o.
6
Suppose 10 + 8 = 3*x - 3*w, 3*x + 3*w = 0. Suppose 2*i = 4*s + 156, -x*i = s - 191 - 8. Let q(f) = 19*f - 3. Calculate the remainder when i is divided by q(2).
33
Let k = -141 + 172. Let p(u) = -4*u - 39. Let h be (-1 - 23)*-2*1/(-4). What is the remainder when k is divided by p(h)?
4
Let g(j) = -j**3 + 10*j**2 - 5*j + 1. Suppose -2*h - 27 = -q, 2*q + h - 34 = -0*h. What is the remainder when g(9) is divided by q?
18
Let x(r) = -19*r - 30. Let s be x(-4). Suppose 3*d = -4*n + 6, 3*d - 6*d - 15 = -3*n. Suppose n*c - 35 - s = 0. Calculate the remainder when 51 is divided by c.
24
Let f = -327 - -195. Calculate the remainder when ((-234)/(-27))/(4/f*-2) is divided by 12.
11
Let x(i) = 93 + i - 13*i - i + 3*i. What is the remainder when 42 is divided by x(9)?
0
Let h(o) = o**3 + 14*o**2 - 31*o + 39. Let z be h(-16). Suppose -25*m + 46 = -z*m. What is the remainder when 91 is divided by m?
22
Suppose -8*a + 366 = -6*a - 5*n, -712 = -4*a + 5*n. Calculate the remainder when 838 is divided by a.
146
Let p(l) = l**2 - 2. Suppose 340*t = -443*t + 13031 + 1846. What is the remainder when p(6) is divided by t?
15
Let b = 2 - 0. Let p(a) = 32*a**2 + 20*a + 18. Let j be p(-1). Suppose 0*c = -5*z + 5*c + j, b*c = -4. Calculate the remainder when 11 is divided by z.
3
Let c(p) = 3*p**2 + 44*p - 90. Calculate the remainder when 315 is divided by c(-20).
85
Suppose 7*f - 278 = 408. Suppose 24 - 21 = -a, a - 122 = -5*q. Calculate the remainder when f is divided by q.
23
Let z = 8118 - 8114. What is the remainder when 727 is divided by z?
3
Let k(y) = -2*y + 12. Let c be k(-28). Suppose c - 334 = -7*r. What is the remainder when r is divided by -2*(0 - 5/2)?
3
Let d(x) = -56*x**3 + 3*x**2 - 14*x - 16. Let a = 451 + -111. Calculate the remainder when a is divided by d(-1).
55
Let u(r) = -2*r**3 - 9*r**2 + 120*r + 945. Calculate the remainder when u(-9) is divided by 208.
178
Suppose 4*s + 150 = l, 7*s = -5*l + 6*s + 708. Suppose -20 = 4*m, 0*f + 4*f = 2*m + l. What is the remainder when f is divided by 9?
6
Let r(d) = -8*d - 7. Let p be r(-9). Let h = -1 + p. Let k = -23 + 36. Calculate the remainder when h is divided by k.
12
Let g be (-1 - -4)/3*(-8)/(-2). Suppose -4*b - 32 = -g*p, p + 17 + 5 = -5*b. Calculate the remainder when 80 is divided by p.
2
Suppose -18*p = -22*p + g + 293, -4*p - g = -291. What is the remainder when 309 is divided by p?
17
Let a = -237 + 382. Let n(b) = b**3 + 8*b**2 - 23*b - 27. Let j be n(-10). Suppose j*f - 51 = 60. What is the remainder when a is divided by f?
34
Calculate the remainder when 106 + 24/(15/5) is divided by 30.
24
Calculate the remainder when 2833 is divided by (12/(-10))/(114/(-4370)) - 1.
43
Let a = -5184 - -5319. Let c(g) = g**3 - 8*g**2 + g - 2. Let z be c(8). Let l(m) = m**3 - 4*m**2 - 5*m + 4. What is the remainder when a is divided by l(z)?
43
Suppose -5 = -m - 7*l, -2*m - 4*l + 2*l = -10. Suppose -2*h + m = -5*w - 46, 3*w - 129 = -3*h. Let v = -11 + 21. Calculate the remainder when h is divided by v.
8
Suppose -94 = -5*l - 3*a, 205*a = -3*l + 202*a + 60. What is the remainder when 350 is divided by l?
10
Let f(m) = 155*m - 2734. What is the 